5, 461
What are the prime factors of 557?
557
List the prime factors of 30964.
2, 7741
List the prime factors of 8674.
2, 4337
List the prime factors of 1981.
7, 283
List the prime factors of 1133.
11, 103
List the prime factors of 33514.
2, 13, 1289
What are the prime factors of 34534?
2, 31, 557
List the prime factors of 28945.
5, 7, 827
List the prime factors of 13625.
5, 109
List the prime factors of 1581.
3, 17, 31
List the prime factors of 12247.
37, 331
What are the prime factors of 8995?
5, 7, 257
What are the prime factors of 1360?
2, 5, 17
List the prime factors of 365.
5, 73
What are the prime factors of 22324?
2, 5581
What are the prime factors of 4488?
2, 3, 11, 17
What are the prime factors of 25895?
5, 5179
What are the prime factors of 1018?
2, 509
What are the prime factors of 28608?
2, 3, 149
What are the prime factors of 30949?
30949
List the prime factors of 483.
3, 7, 23
What are the prime factors of 1498?
2, 7, 107
What are the prime factors of 2763?
3, 307
What are the prime factors of 13619?
13619
List the prime factors of 18202.
2, 19, 479
List the prime factors of 22788.
2, 3, 211
What are the prime factors of 3303?
3, 367
List the prime factors of 5154.
2, 3, 859
What are the prime factors of 34100?
2, 5, 11, 31
What are the prime factors of 14478?
2, 3, 19, 127
List the prime factors of 2034.
2, 3, 113
List the prime factors of 67884.
2, 3, 5657
What are the prime factors of 4153?
4153
What are the prime factors of 1101?
3, 367
What are the prime factors of 8369?
8369
What are the prime factors of 95523?
3, 17, 1873
List the prime factors of 33.
3, 11
List the prime factors of 2808.
2, 3, 13
List the prime factors of 3332.
2, 7, 17
List the prime factors of 54620.
2, 5, 2731
List the prime factors of 48.
2, 3
What are the prime factors of 28479?
3, 11, 863
What are the prime factors of 13745?
5, 2749
What are the prime factors of 887?
887
What are the prime factors of 6505?
5, 1301
List the prime factors of 47498.
2, 11, 17, 127
What are the prime factors of 573?
3, 191
What are the prime factors of 1822?
2, 911
What are the prime factors of 680?
2, 5, 17
What are the prime factors of 70225?
5, 53
What are the prime factors of 3481?
59
What are the prime factors of 140?
2, 5, 7
List the prime factors of 36471.
3, 12157
What are the prime factors of 53335?
5, 10667
List the prime factors of 73564.
2, 53, 347
What are the prime factors of 649?
11, 59
What are the prime factors of 430?
2, 5, 43
List the prime factors of 1413.
3, 157
What are the prime factors of 6878?
2, 19, 181
List the prime factors of 2475.
3, 5, 11
List the prime factors of 2293.
2293
What are the prime factors of 753?
3, 251
What are the prime factors of 59123?
59123
What are the prime factors of 48499?
11, 4409
List the prime factors of 35288.
2, 11, 401
List the prime factors of 36353.
36353
What are the prime factors of 1506?
2, 3, 251
List the prime factors of 21116.
2, 5279
What are the prime factors of 4944?
2, 3, 103
List the prime factors of 6832.
2, 7, 61
List the prime factors of 1305.
3, 5, 29
List the prime factors of 162.
2, 3
List the prime factors of 205.
5, 41
List the prime factors of 7518.
2, 3, 7, 179
List the prime factors of 29801.
17, 1753
What are the prime factors of 428?
2, 107
List the prime factors of 3915.
3, 5, 29
What are the prime factors of 11763?
3, 1307
What are the prime factors of 1859?
11, 13
What are the prime factors of 11013?
3, 3671
What are the prime factors of 93?
3, 31
What are the prime factors of 21502?
2, 13, 827
What are the prime factors of 12054?
2, 3, 7, 41
What are the prime factors of 1608?
2, 3, 67
What are the prime factors of 377?
13, 29
What are the prime factors of 3915?
3, 5, 29
What are the prime factors of 15756?
2, 3, 13, 101
List the prime factors of 4968.
2, 3, 23
What are the prime factors of 6467?
29, 223
What are the prime factors of 23998?
2, 13, 71
List the prime factors of 1242.
2, 3, 23
List the prime factors of 44173.
163, 271
What are the prime factors of 57695?
5, 11, 1049
What are the prime factors of 4692?
2, 3, 17, 23
What are the prime factors of 14695?
5, 2939
What are the prime factors of 2101?
11, 191
What are the prime factors of 1528?
2, 191
List the prime factors of 728.
2, 7, 13
What are the prime factors of 15824?
2, 23, 43
What are the prime factors of 16048?
2, 17, 59
List the prime factors of 18.
2, 3
List the prime factors of 1626.
2, 3, 271
List the prime factors of 370.
2, 5, 37
What are the prime factors of 12222?
2, 3, 7, 97
What are the prime factors of 50874?
2, 3, 61, 139
What are the prime factors of 46374?
2, 3, 59, 131
What are the prime factors of 485?
5, 97
What are the prime factors of 6026?
2, 23, 131
List the prime factors of 5108.
2, 1277
List the prime factors of 18615.
3, 5, 17, 73
What are the prime factors of 2281?
2281
What are the prime factors of 4642?
2, 11, 211
List the prime factors of 541.
541
What are the prime factors of 1104?
2, 3, 23
What are the prime factors of 102?
2, 3, 17
What are the prime factors of 2837?
2837
List the prime factors of 17402.
2, 7, 11, 113
List the prime factors of 2470.
2, 5, 13, 19
What are the prime factors of 544?
2, 17
List the prime factors of 14711.
47, 313
List the prime factors of 369.
3, 41
List the prime factors of 14779.
14779
List the prime factors of 17760.
2, 3, 5, 37
List the prime factors of 178.
2, 89
What are the prime factors of 79266?
2, 3, 11, 1201
What are the prime factors of 1911?
3, 7, 13
List the prime factors of 9640.
2, 5, 241
What are the prime factors of 300?
2, 3, 5
What are the prime factors of 83?
83
List the prime factors of 12416.
2, 97
What are the prime factors of 6163?
6163
What are the prime factors of 3037?
3037
List the prime factors of 615.
3, 5, 41
What are the prime factors of 19105?
5, 3821
List the prime factors of 16358.
2, 8179
What are the prime factors of 56110?
2, 5, 31, 181
What are the prime factors of 3404?
2, 23, 37
List the prime factors of 102170.
2, 5, 17, 601
What are the prime factors of 3183?
3, 1061
List the prime factors of 2021.
43, 47
List the prime factors of 6051.
3, 2017
What are the prime factors of 90?
2, 3, 5
What are the prime factors of 48692?
2, 7, 37, 47
What are the prime factors of 29708?
2, 7, 1061
List the prime factors of 650.
2, 5, 13
List the prime factors of 24852.
2, 3, 19, 109
List the prime factors of 3531.
3, 11, 107
What are the prime factors of 68887?
7, 13, 757
What are the prime factors of 7047?
3, 29
List the prime factors of 1353.
3, 11, 41
What are the prime factors of 66442?
2, 139, 239
What are the prime factors of 109788?
2, 3, 7, 1307
List the prime factors of 4210.
2, 5, 421
List the prime factors of 61426.
2, 30713
What are the prime factors of 32088?
2, 3, 7, 191
List the prime factors of 86909.
233, 373
What are the prime factors of 181182?
2, 3, 30197
List the prime factors of 3567.
3, 29, 41
List the prime factors of 344.
2, 43
List the prime factors of 1119.
3, 373
List the prime factors of 73099.
13, 5623
List the prime factors of 60519.
3, 20173
What are the prime factors of 17629?
17, 61
What are the prime factors of 3947?
3947
List the prime factors of 30773.
30773
List the prime factors of 3512.
2, 439
What are the prime factors of 791?
7, 113
List the prime factors of 4522.
2, 7, 17, 19
What are the prime factors of 1527?
3, 509
List the prime factors of 9237.
3, 3079
What are the prime factors of 48382?
2, 17, 1423
What are the prime factors of 28696?
2, 17, 211
What are the prime factors of 42?
2, 3, 7
List the prime factors of 1014.
2, 3, 13
What are the prime factors of 160639?
160639
What are the prime factors of 996?
2, 3, 83
What are the prime factors of 58238?
2, 37, 787
List the prime factors of 1400.
2, 5, 7
List the prime factors of 20477.
20477
List the prime factors of 196.
2, 7
What are the prime factors of 104142?
2, 3, 17, 1021
List the prime factors of 6678.
2, 3, 7, 53
List the prime factors of 668.
2, 167
List the prime factors of 3333.
3, 11, 101
What are the prime factors of 387?
3, 43
What are the prime factors of 1762?
2, 881
List the prime factors of 47781.
3, 5309
What are the prime factors of 2374?
2, 1187
What are the prime factors of 633?
3, 211
What are the prim